42. Let b = -216 + x. Is b a prime number?
False
Let k(a) = -505*a + 322. Is k(-13) a prime number?
False
Let p(m) be the first derivative of 3 - 97*m**2 + m - 6 + 8*m. Is p(-3) prime?
False
Let j(t) be the second derivative of -11*t**3/6 - 9*t**2/2 - 5*t. Let h be j(-7). Suppose -2*v + 5*w + 112 - 48 = 0, -2*v + 3*w = -h. Is v a composite number?
False
Suppose 217*v - 29275 = 212*v. Is v a composite number?
True
Let n(j) = 2*j**3 - 40*j**2 + 2*j - 35. Is n(21) prime?
False
Suppose 0*p + 7654 = 2*p - 2*v, p - 3843 = -3*v. Is p a composite number?
True
Let o be 4/(1/(2 + -1)). Suppose 3*c + 171 + 221 = z, 0 = -o*z - 3*c + 1553. Is z prime?
True
Suppose -42*l + 193368 = -18*l. Is l composite?
True
Suppose 0 = -5*g + 10, 3*g = 5*n - 227 + 63. Suppose z = -n + 93. Is z a composite number?
False
Suppose 0 = 11*b + 8487 - 40024. Is b a composite number?
True
Let n(c) = 50*c**2 - 11*c - 7. Let o be n(-6). Let p = -708 + o. Is p prime?
True
Let h = 255 + -1696. Let p = 970 + h. Let g = -248 - p. Is g prime?
True
Let c be (1 + -1)*5/10. Is 0 + (669 - (c + 2)) a prime number?
False
Suppose 12*x + 10*x = 174614. Is x a composite number?
False
Let q = 3492 - -1721. Is q prime?
False
Suppose 2*o = -o + 561. Let n(x) = -x**3 - 16*x**2 - x - 14. Let v be n(-16). Suppose -w - o = -v*w. Is w composite?
True
Suppose 9*i - 8 = 5*i. Suppose 5*a = -y + 2640, -i*a + y + 632 = -431. Is a a prime number?
False
Is 6932 + 13/((-130)/(-50)) composite?
True
Let t = -71 + 74. Let h(s) be the second derivative of 3*s**4/2 - s**3/3 + s**2 + s. Is h(t) composite?
True
Let q be 3492/6 + 0 + -1. Suppose -1750 = -3*g - 2*r, 3*r + 2937 = 4*g + q. Suppose 4*b + b + 4*l = 955, 5*l = -3*b + g. Is b a prime number?
False
Let r(g) = 7441*g**2 + 12*g + 1. Is r(2) a composite number?
False
Let x(m) = m**2 + 19*m + 19. Let h(k) = 5*k**2 + 77*k + 77. Let u(a) = 2*h(a) - 9*x(a). Is u(-13) prime?
True
Suppose -4*u - 2 - 22 = 0. Let i be 2/6 + (-16)/u. Suppose 0 = -i*o + o + 68. Is o a prime number?
False
Suppose -6*v - 30277 = -19*v. Is v a prime number?
False
Let p(i) = -279*i**3 + 2*i**2 + 2*i - 6. Let s(x) = -280*x**3 + x**2 + x - 5. Let f(u) = -2*p(u) + 3*s(u). Is f(-2) composite?
False
Let m = 17 - 16. Let c be (4 + -4 + 1)/m. Is 0 + 104 + 0 - c a prime number?
True
Suppose -5*a + 8881 = -3214. Is a prime?
False
Let t(f) be the second derivative of f**5/20 - f**4/2 + 5*f**3/6 + 4*f**2 - 4*f. Let y be t(6). Is (-3)/(-2)*y/3 a composite number?
False
Let p = -90 + -198. Let c = -161 - p. Suppose -q = -2*q + c. Is q prime?
True
Let o be ((-1371)/(-12))/((-1)/(-4)). Suppose 894 - 336 = s. Suppose -5*j + o = -s. Is j prime?
False
Let n(m) = m + 2. Let v be n(-5). Let w = -1 - v. Suppose -2*i = 5*q - 66 - 112, 0 = -w*q + 8. Is i a composite number?
False
Suppose -g + 2*g + 126 = 0. Let a be (5 + -3)/(1/92). Let w = g + a. Is w a composite number?
True
Suppose r - 12 = 5*r, -5*r = -c + 50. Suppose -5*z - c = -3*b, -5*z - 4 - 1 = -b. Is b a prime number?
False
Let d(z) = -z**3 + 7*z**2 - 11*z - 4. Let l(o) = 3*o**2 - 5*o - 2. Let x(k) = -3*d(k) + 7*l(k). Let c be x(-6). Let a = 1019 + c. Is a a prime number?
False
Suppose 2*k = -q - 864, -5*q + 177 = 3*k + 4518. Suppose 0*x = -x - 6. Is q/(-9)*x/(-4) a prime number?
False
Let q(a) = 3*a**2 + a**3 - 4*a - a - 5*a + 4. Let c be q(-5). Is 22*3 + c + -1 a composite number?
True
Let k be 34*4/8 - 2. Suppose -2*d + 54 = 4*w, 3*w - 67 = -2*d - k. Is d a prime number?
True
Let v(y) = 12*y**2 + 5*y**2 + 1 - 5 - y + 12*y**2. Let j be v(-3). Let f = 77 + j. Is f prime?
True
Suppose 7*x - 12 = x. Suppose 0 = 4*d + 2*o - 10876, d - 8157 = -x*d - 4*o. Is d prime?
True
Suppose -4*i + d - 392 = 0, i + 5*d + 294 = -2*i. Let s = i - -191. Is s prime?
False
Let f(b) be the second derivative of 23*b**3/2 - 11*b**2/2 + 18*b. Is f(8) composite?
False
Let r(d) = 11*d**2 + d - 9. Let s = -19 - -9. Is r(s) prime?
False
Let a(q) = -146*q. Let r(d) be the second derivative of -d**5/20 + d**4/3 - d**3/3 - 2*d**2 + 2*d. Let b be r(3). Is a(b) a composite number?
True
Let y = 15 + -30. Is 1390/y*(18/(-4))/3 a composite number?
False
Let w(v) = 2*v**3 + 4*v**2 + 13*v + 4. Let i(h) = -3*h**3 - 9*h**2 - 25*h - 9. Let a(p) = -3*i(p) - 5*w(p). Is a(-4) prime?
False
Let n be 4 + (-2 - (-1 + -81)). Let m be ((-1)/2)/((-6)/n). Suppose 6*o + 89 = m*o. Is o a prime number?
True
Let u(j) be the first derivative of j**4/4 + 23*j**3/3 + 15*j**2 + 47*j - 21. Is u(-21) composite?
True
Let b be (-14)/20*-12 + (-4)/10. Suppose 993 + 711 = b*c. Is c a prime number?
False
Suppose 0 = -4*n + 9 + 3. Suppose 5*m - n = 12. Is (-6 + m + 65)/2 prime?
True
Suppose 5*x + 5*q = -8040, -4*x = -x - q + 4832. Let m = x + 2257. Is m a composite number?
False
Suppose i - 3*v = -9063, 3*i + 6*v = 3*v - 27177. Is ((-6)/4)/(18/i) composite?
True
Suppose 0*c - 8702 = -3*m + c, -3*c + 14480 = 5*m. Is m a prime number?
False
Suppose -2*x = -5*j - 3*x - 5, j - 4*x = -1. Is 5 + 221 + (j - 2) composite?
False
Let o(d) = -d**2 + 4*d - 1. Suppose 0 = -2*q + 3 + 3. Let s be o(q). Suppose 0 = 2*z - s, -2*l - l + 6 = -3*z. Is l prime?
True
Let t(l) be the first derivative of 3*l**2/2 + 123*l + 5. Is t(0) a prime number?
False
Suppose -396*y - 119245 = -403*y. Is y composite?
True
Is ((44 - 8) + 1)*1 prime?
True
Let d(m) = 595*m - 2. Suppose -10*k + 3*k + 7 = 0. Is d(k) a prime number?
True
Let x(h) = -6*h**2 - 6*h - 11. Let y(v) = v**2 - 1. Let f(u) = -x(u) - 3*y(u). Is f(7) a prime number?
False
Let i(m) = m**2 + 9*m + 12. Let z be i(-8). Suppose t + 3 = z*t. Is (t + 1)/(6/345) prime?
False
Let g be 75 - 2 - (2 - 4). Let x = 84 + g. Is x a composite number?
True
Suppose 5*b - 2*o = 10*b - 2595, -5*b + 2565 = -4*o. Is b a prime number?
False
Suppose 0 = -11*m - 33994 + 99774. Let w = 9779 - m. Is w a prime number?
False
Suppose -6 = -2*i - 16. Let l be (0 + -3)*5/i. Suppose -84 = -l*x + t + 176, 3*t = 5*x - 432. Is x composite?
True
Suppose -u - 33 = -5*k, 2*u + 5*k - 9 = -0*u. Let g be (-1 + 1)/(u - -7). Suppose -2*o - o + 165 = g. Is o composite?
True
Suppose 0 = 2*h - 5 - 7. Let w be (-7497)/(-54) + 1/h. Let b = 426 - w. Is b prime?
False
Let a(f) = 2485*f**3 + 4*f**2 - 12*f + 17. Is a(2) composite?
False
Suppose 5*f + 364 - 3474 = 0. Suppose -2*u = -0*u + f. Let m = -192 - u. Is m composite?
True
Suppose 2*m + 10895 = f, -m = f + m - 10899. Is f prime?
False
Let v(c) = 1364*c - 12. Let n be v(-6). Let i be (-2)/8 + n/(-16). Suppose 2*d - 486 = i. Is d prime?
True
Let z = 3609 + -2498. Is z a prime number?
False
Let x(a) = -6*a - 1. Let h be x(-1). Suppose -h*p = -510 - 1625. Is p a composite number?
True
Let q(p) = 2073*p**2 - 37*p - 97. Is q(-3) a composite number?
False
Suppose -4*i - 2*j = -26836, -4*j - 14406 = -2*i - 988. Is i a prime number?
True
Let a(m) be the second derivative of m**5/20 - 2*m**4/3 + m**3/6 + 3*m**2/2 + 6*m. Is a(12) a composite number?
True
Suppose -2*j = 4*y + 18, -5*j + 2*y = 3*y + 54. Let r = 11 + j. Suppose r = -5*o - 0*o + 475. Is o a prime number?
False
Suppose 4*y = 2*s + 518, -9 - 1 = -2*s. Let r = y + -73. Is r composite?
False
Suppose 14*s - 117161 = 183377. Is s composite?
False
Let b = -6 - -4. Is 1/b*(-716)/2 prime?
True
Suppose 0*w + 2*v = -2*w, -4*w = v - 15. Let r be -1*w + (-4 - -7). Is (25/(-2) + r)*-4 composite?
True
Let i be 1*(-2 - -4)*-1. Let s be (-44)/10 - (-4)/10. Is (s - -147) + (-2 - i) a prime number?
False
Suppose -3*t - 2*b + 4*b = -8, b - 7 = -4*t. Let r(w) = 682*w + 5. Is r(t) prime?
False
Let k(p) = 12 + 2*p**3 - 20 - p**3 - 6*p**2 + 7*p. Is k(6) composite?
True
Let o = 115 + 1944. Is o prime?
False
Suppose -2*k - 4*z = -0*z, 3*k - 3*z - 18 = 0. Suppose k*g + 6*s - 30 = s, -4*g = -3*s - 14. Suppose 0 = -j - 0*o - 3*o + 33, 125 = 5*j + g*o. Is j prime?
False
Let g(w) = -303*w**3 + w**2 + w + 10. Is g(-3) a prime number?
False
Let o(m) = 5*m**2 - 5*m - 21. Let i(g) = 2*g**2 - 2*g - 10. Let l(c) = -14*i(c) + 6*o(c). Is l(-8) composite?
True
Suppose -5*f = 4*y - 220, 2*y + 4*f - 137 = -21. Let d(r) = r**3 + 9*r**2 + 6*r + 5. Let l be d(-6). Let q = l + y. Is q composite?
False
Let b(l) = 970*l**2 - 2*l + 13. Is b(-4) a prime number?
True
Let k be ((-13)/26)/(1/(-4)). Suppose 17334 = 2*h - 4*a, -k*a = -2*h - 5*a + 17306. Is h a prime number?
False
Let l(t